6*v + 34. Suppose 0 = 446*i + 113 - 2343. Give j(i).
-46
Suppose 5*i = -3*i. Let j = 15 + -4. Let y(r) = 3*r**3 - r + 9*r**3 - j*r**3 - r**2 + 6. Give y(i).
6
Let a(z) = 6*z**2 - 4*z - 7. Let o(n) = 17*n**2 - 10*n - 18. Let x(r) = -14*a(r) + 5*o(r). Determine x(-2).
0
Let r(c) = -c**3 - 7*c**2 + c - 2. Let z be (-1216)/(-190) + 3/5. Let t be 9/(18/z)*-2. What is r(t)?
-9
Let r(j) = -6*j - 19*j**2 + 20*j**2 + 10 - j - 9 - 2. Calculate r(-5).
59
Let h(i) = -2*i**2 + 8*i - 6. Let t be h(3). Suppose g + t*g = -2*l + 13, 3*l = -4*g + 32. Let n(q) = 3*q - 4 - q**3 - q**3 - l*q + 5. Give n(1).
-2
Suppose 0 = r - 0*u - 5*u - 21, 2*u = r - 12. Suppose -2*x + 6 = 2. Let v(h) = -2*h**2 + 2*h**x - 6*h + h**2 - 1. Give v(r).
-1
Let z(j) = -j**3 + 2*j**2 + j + 79. Let a be z(0). Let x(i) = a*i + 0*i**3 - 84*i - 6 + 2*i**3 + 7*i**2 - 3*i**3. Calculate x(5).
19
Let g(m) = 54*m**3 - 21*m**2 + 67*m + 28. Let q(z) = -31*z**3 + 11*z**2 - 34*z - 14. Let b(a) = -4*g(a) - 7*q(a). Give b(-10).
-14
Let q(m) = -45*m**2 - 54. Let a(t) = t**2 + 1. Let h(i) = 54*a(i) + q(i). Suppose n + n - 114 = 0. Let l = n + -58. Calculate h(l).
9
Suppose 5*u - 33 = -2*k, 4*u + 4*k + 8 - 44 = 0. Let q(h) be the first derivative of -h**2/2 + 4*h + 177116. What is q(u)?
-1
Suppose -n + 2*n - 3*b + 9 = 0, -n + 5 = 4*b. Let q be 4/n + 4030/39. Let j = 102 - q. Let w(f) = -f**2 - f - 11. Determine w(j).
-11
Let d(l) = -76*l - 33. Let g(u) = 66*u + 35. Let c(o) = -6*d(o) - 7*g(o). Determine c(-7).
-5
Let z(o) = -114*o + 250. Let u(n) = 23*n - 52. Let p(a) = -14*u(a) - 3*z(a). What is p(0)?
-22
Let u(b) be the first derivative of b**6/360 - b**5/20 - b**4/24 + 4*b**3/3 - b**2/2 + 40. Let v(f) be the third derivative of u(f). Determine v(7).
6
Suppose 2*g + 12*j - 2 = 10*j, 5*g + 3 = 3*j. Let y(u) = -3*u**2 + 5. Let h(k) = -2*k**2. Let a(w) = 4*h(w) - 3*y(w). Calculate a(g).
-15
Let m = 9 + -7. Suppose 0 - m = -2*q + 2*a, -5*a + 20 = 0. Let d(t) be the third derivative of -t**4/24 + 2*t**3/3 - 64*t**2 - 1. What is d(q)?
-1
Let q(d) = d + 3. Let h(m) be the third derivative of -24*m**2 + 0 + 0*m - 1/24*m**4 - 1/2*m**3. Let g(n) = -5*h(n) - 6*q(n). Determine g(-8).
5
Let m(v) = -2*v + 10. Let g = 1928 + -1936. Give m(g).
26
Let p(l) = -5*l**2 - 5*l + 5. Let y(q) = -11*q**2 - 10*q + 10. Let j(f) = 13*p(f) - 6*y(f). Suppose 1 - 2 - 185 = -31*n. Determine j(n).
11
Let r(q) be the first derivative of 5*q**4/4 - 4*q**3/3 + 4*q**2 - 9*q + 40. Let b(p) = 4*p**3 - 3*p**2 + 7*p - 7. Let u(s) = -6*b(s) + 5*r(s). Determine u(3).
0
Let r(l) = 5*l - 191 - 38 + 20*l - 9 + 56. Determine r(7).
-7
Suppose -111 = -112*c + 122*c + 59. Let n be 46/6*9/(-3). Let b = n - c. Let d(q) = -q**2 - 3*q + 2. What is d(b)?
-16
Suppose -r = 2*b - 146, 6 = 3*b - 6. Suppose -19*i - 24 + r = 0. Let v(c) = c**2 - 4*c + 2. Determine v(i).
14
Let b = -211 - -226. Suppose b*a + 29 + 1 = 0. Let x(q) = -q**2 - 2*q + 1. Calculate x(a).
1
Let h(q) = q**3 + 2*q**2 - 3*q + 3. Let x = 492 + -497. Let z(s) = s**2 + 11*s + 27. Let r be z(x). Determine h(r).
3
Let f = 18471 + -18458. Let p(j) = -j**3 + 15*j**2 - 19*j + 6. Calculate p(f).
97
Let k = 481/9020 + -3/902. Let h(i) be the second derivative of -5*i + 1/4*i**4 - k*i**5 - 1/2*i**3 + 0*i**2 + 0. Calculate h(2).
-2
Let v be (6/(-4))/((-24)/2208). Let c(a) = 139 + v + a - 281. Suppose 5*d = -5*b + 15, 4*b = -3*d + 16 + 1. Give c(b).
4
Let f(c) be the third derivative of -2*c**4/3 - 125*c**3/3 - c**2 + 78*c + 13. Determine f(-15).
-10
Let b(m) = 13 - 6 - 4*m - 18. Give b(0).
-11
Let o(c) = c**2 - 1. Let x(m) = 3*m - 26. Let w be x(7). Let z be o(w). Suppose -6*u + 2*u + z = 0. Let n(p) = p - 5. Give n(u).
1
Let b = -1 + 2. Let f = -8 + b. Let q(a) = -93*a + 515. Let i(m) = 43*m - 237. Let z(o) = -13*i(o) - 6*q(o). Calculate z(f).
-2
Let p = 133 - 157. Let o be 96/p - (1 - 4). Let c(n) = 43*n**2 + 2. Let v(l) = -65*l**2 - 3. Let s(t) = -7*c(t) - 5*v(t). Give s(o).
25
Let b(a) = -7*a**3 - 4*a**2 - 3*a - 43. Let o(y) = 15*y**3 + 7*y**2 + 6*y + 87. Let v(t) = -13*b(t) - 6*o(t). Give v(-10).
7
Let h(g) = -g**3 + 7*g**2 + 9*g - 5. Let r(k) = -k + 35. Let s be r(30). Suppose -4*p + 56 = 5*q, 3*p - 7 - s = 0. Determine h(q).
3
Let b(a) = -a**3 - 5*a**2 + 2*a - 1. Let i(l) = -17 + 17 - l. Let y(u) = b(u) + 5*i(u). Suppose -5*n = -3*x + 15 - 2, 5*n + 41 = -4*x. Determine y(x).
-5
Let f(t) = -3*t + 4 - t**2 + 3 + 14*t. Suppose 4*x + 12 = 2*s, 5*s + 5299*x - 40 = 5304*x. Calculate f(s).
17
Suppose 0 = -j - 2*m + 3*m, -m - 8 = -3*j. Let d(p) be the second derivative of -p**5/20 + 5*p**4/12 - p**3/2 - 1168*p. Give d(j).
4
Let x(w) be the third derivative of -w**6/120 - w**5/12 - 5*w**4/24 - w**3/3 - 2*w**2. Let c = 462 - 264. Let v be 2/(4 + (-11)/(c/84)). What is x(v)?
-5
Let c(k) = -2*k + 7. Suppose 317 = 30*t + 107. Give c(t).
-7
Let t(p) = -p**3 + 9*p**2 - 5*p - 3. Let l be 2 + (81/(-12) - -6)/((-18)/144). Give t(l).
21
Let d(a) = -a**3 - a**2 + 3*a + 1. Let x = 163 - 158. Suppose 5*f = -3*g + x, 2*g - 7 = -3*f - 3. Determine d(f).
-1
Let g(w) = -71*w + 69. Let d(b) = 318*b - 279. Let z(r) = -2*d(r) - 9*g(r). Determine z(7).
-42
Let z(a) = -2*a - a + 2*a - 11. Let x be -6*((3 - (1 - -6)) + 5). Determine z(x).
-5
Let w(n) be the first derivative of n**7/840 + n**6/120 + n**5/30 + 107*n**3/3 + 196. Let z(y) be the third derivative of w(y). Determine z(-3).
-12
Let k(h) = -h**2 + 10*h - 22. Let b be 8*-17*539/(-4312). Determine k(b).
-141
Let f(l) = 3*l + 19. Let r(a) be the first derivative of a**3/3 + 7*a**2 + 27*a + 220. Let z be r(-11). Calculate f(z).
1
Let b(a) = 58 + 448805*a - 224440*a - 224404*a. Give b(1).
19
Let n(b) = 5*b**2 - 21*b - 2. Let g = 2525 - 2521. Give n(g).
-6
Suppose -d - 1 = 39*b - 41*b, 5*d - 4*b = -17. Let o(v) = 99*v. Let z(x) = 11*x. Let a(t) = d*o(t) + 44*z(t). Calculate a(1).
-11
Suppose k - 2*k + 33 = 0. Let g be (-93)/k - 8/44. Let a be 22/g - (-28)/21. Let z(u) = -u**3 - 6*u**2 - 6. Give z(a).
-6
Let c(b) be the second derivative of -22*b**3/3 + b**2 + 1804*b. Calculate c(1).
-42
Let y(m) = -13 + 5*m - 2 - 10 - 6*m + 10. Calculate y(11).
-26
Let p(a) be the first derivative of 5*a - 1/2*a**2 + 49. What is p(8)?
-3
Let k(b) = -51*b - 9. Let j(u) = 14*u - 3. Let n(x) = 4*j(x) + k(x). Determine n(14).
49
Let b(y) = 12*y**2 - 4*y + 3. Let m(d) = d**3 + 23*d**2 + 98*d - 67. Let h be m(-17). What is b(h)?
11
Suppose -6*c - 21 = c. Let u = 45 - 43. Let v(g) = 46*g - 50*g - 3*g**2 + u*g**2. Give v(c).
3
Let b(z) = -2*z - 11*z + 10*z - 9 + 2*z. Suppose -4*m - 5*h = -10, -2*m = -2*h + 2 + 2. What is b(m)?
-9
Let z(u) = 25*u**3 - 10*u**2 - 9*u - 31. Let f(o) = 2*o**3 - o**2 - o - 2. Let c(i) = 12*f(i) - z(i). Give c(3).
-47
Suppose 21*g = 25*g. Let x(i) be the second derivative of 0 - 1/6*i**3 + 2*i + 3/2*i**2. Give x(g).
3
Let j(p) = -3*p**2 - 11*p + 4. Let n(a) = 7*a**2 + 24*a - 10. Let k(l) = 13*j(l) + 6*n(l). Determine k(4).
44
Let f(s) = s**3 + 3. Let p be f(0). Suppose -4*o - 2*h - 1 - 3 = 0, 3*o + p = 4*h. Let k(j) be the first derivative of -5*j**2 + 730. Determine k(o).
10
Let d(n) = -n**2 - 7*n - 3. Let q(l) = 8*l - 136. Let y be q(17). Suppose y = -o + 2*z + 2 + 3, -3*o - 3*z - 21 = 0. What is d(o)?
9
Let x be -4 + 67/3 + (-2)/(-3). Let k(z) = 11*z - 38*z + 12*z + 17*z + x. Give k(-9).
1
Let r(v) = v**2 - v + 5. Let q(s) = 4*s - 36. Let z(w) = 5*w - 43. Let f(a) = -6*q(a) + 5*z(a). Let n(k) = f(k) + r(k). Suppose -5*x + 3*x = 0. Determine n(x).
6
Suppose -22 + 3 = -4*w - 3*o, 5*o + 11 = 4*w. Let h(y) = 49 - y - 48 + 5*y**3 - w*y**3 - 5*y**3. Suppose 0 = -0*i - 5*i + 5. What is h(i)?
-4
Let l(m) = m - 12. Suppose 2*o + p = -0*o - 235, -3*p - 229 = 2*o. Let d be (-8)/12 - o/21. Determine l(d).
-7
Let d(a) = -2*a + 7. Let p be (522/(-45) + 12)*-10. Calculate d(p).
15
Let n(i) be the second derivative of -i**4/12 - i**3/6 - i**2/2 + 22*i + 5. Give n(3).
-13
Let b be (-28)/(-80)*4 - 6/(-10). Suppose -b*i + 4*k - 2 = 0, -3*k = -6*i + 7*i + 6. Let t(v) = 2*v**2 + 0*v**2 - 2*v - 32*v**3 + 33*v**3. Calculate t(i).
-3
Let i = 310 + -197. Suppose 0 = 5*k + 18 - i. Let a(f) = f**3 - 19*f**2 - f + 20. Let c be a(k). Let r(p) = 4*p. Give r(c).
4
Suppose 3*g - 5 = -2*g, 3 = -4*c + 3*g. Let v(n) = -n + n**3 + 14 + c*n - n**2 - 18. Let b be 24/10 + (-6)/(-10). Give v(b).
11
Let d